{"id":5835,"date":"2016-01-14T16:47:12","date_gmt":"2016-01-14T14:47:12","guid":{"rendered":"http:\/\/bearnishfly.com\/?page_id=5835"},"modified":"2016-01-14T16:48:07","modified_gmt":"2016-01-14T14:48:07","slug":"accueil","status":"publish","type":"page","link":"http:\/\/bearnishfly.com\/?page_id=5835","title":{"rendered":"Accueil"},"content":{"rendered":"","protected":false},"excerpt":{"rendered":"","protected":false},"author":2,"featured_media":5789,"parent":0,"menu_order":0,"comment_status":"closed","ping_status":"closed","template":"","meta":{"_acf_changed":false,"footnotes":""},"class_list":["post-5835","page","type-page","status-publish","has-post-thumbnail","hentry","post","has-featured-image"],"acf":[],"yoast_head":"<!-- This site is optimized with the Yoast SEO plugin v27.5 - https:\/\/yoast.com\/product\/yoast-seo-wordpress\/ -->\n<title>Accueil | Bearnishfly&#039;s Blog<\/title>\n<meta name=\"description\" content=\"Si vous aimez la peche \u00e0 la mouche ce blog vous est destin\u00e9. Nous partageons nos aventures halieutiques \u00e0 travers nos videos de peche. Jetez-y un coup d&#039;\u0153il\" \/>\n<meta name=\"robots\" content=\"index, follow, max-snippet:-1, max-image-preview:large, max-video-preview:-1\" \/>\n<link rel=\"canonical\" href=\"http:\/\/bearnishfly.com\/?page_id=5835\" \/>\n<meta property=\"og:locale\" content=\"fr_FR\" \/>\n<meta property=\"og:type\" content=\"article\" \/>\n<meta property=\"og:title\" content=\"Accueil | Bearnishfly&#039;s Blog\" \/>\n<meta property=\"og:description\" content=\"Si vous aimez la peche \u00e0 la mouche ce blog vous est destin\u00e9. Nous partageons nos aventures halieutiques \u00e0 travers nos videos de peche. Jetez-y un coup d&#039;\u0153il\" \/>\n<meta property=\"og:url\" content=\"http:\/\/bearnishfly.com\/?page_id=5835\" \/>\n<meta property=\"og:site_name\" content=\"Bearnishfly&#039;s Blog\" \/>\n<meta property=\"article:publisher\" content=\"https:\/\/www.facebook.com\/bearnishfly\" \/>\n<meta property=\"article:modified_time\" content=\"2016-01-14T14:48:07+00:00\" \/>\n<meta property=\"og:image\" content=\"http:\/\/bearnishfly.com\/wp-content\/uploads\/2015\/11\/cropped-405469_225605460852744_179298862_n.jpg\" \/>\n\t<meta property=\"og:image:width\" content=\"512\" \/>\n\t<meta property=\"og:image:height\" content=\"512\" \/>\n\t<meta property=\"og:image:type\" content=\"image\/jpeg\" \/>\n<script type=\"application\/ld+json\" class=\"yoast-schema-graph\">{\"@context\":\"https:\\\/\\\/schema.org\",\"@graph\":[{\"@type\":[\"WebPage\",\"CollectionPage\"],\"@id\":\"http:\\\/\\\/bearnishfly.com\\\/?page_id=5835\",\"url\":\"http:\\\/\\\/bearnishfly.com\\\/?page_id=5835\",\"name\":\"Accueil | Bearnishfly&#039;s Blog\",\"isPartOf\":{\"@id\":\"http:\\\/\\\/bearnishfly.com\\\/#website\"},\"primaryImageOfPage\":{\"@id\":\"http:\\\/\\\/bearnishfly.com\\\/?page_id=5835#primaryimage\"},\"image\":{\"@id\":\"http:\\\/\\\/bearnishfly.com\\\/?page_id=5835#primaryimage\"},\"thumbnailUrl\":\"http:\\\/\\\/bearnishfly.com\\\/wp-content\\\/uploads\\\/2015\\\/11\\\/cropped-405469_225605460852744_179298862_n.jpg\",\"datePublished\":\"2016-01-14T14:47:12+00:00\",\"dateModified\":\"2016-01-14T14:48:07+00:00\",\"description\":\"Si vous aimez la peche \u00e0 la mouche ce blog vous est destin\u00e9. Nous partageons nos aventures halieutiques \u00e0 travers nos videos de peche. Jetez-y un coup d'\u0153il\",\"breadcrumb\":{\"@id\":\"http:\\\/\\\/bearnishfly.com\\\/?page_id=5835#breadcrumb\"},\"inLanguage\":\"fr-FR\"},{\"@type\":\"ImageObject\",\"inLanguage\":\"fr-FR\",\"@id\":\"http:\\\/\\\/bearnishfly.com\\\/?page_id=5835#primaryimage\",\"url\":\"http:\\\/\\\/bearnishfly.com\\\/wp-content\\\/uploads\\\/2015\\\/11\\\/cropped-405469_225605460852744_179298862_n.jpg\",\"contentUrl\":\"http:\\\/\\\/bearnishfly.com\\\/wp-content\\\/uploads\\\/2015\\\/11\\\/cropped-405469_225605460852744_179298862_n.jpg\",\"width\":512,\"height\":512,\"caption\":\"bearnishfly\"},{\"@type\":\"BreadcrumbList\",\"@id\":\"http:\\\/\\\/bearnishfly.com\\\/?page_id=5835#breadcrumb\",\"itemListElement\":[{\"@type\":\"ListItem\",\"position\":1,\"name\":\"Accueil\",\"item\":\"http:\\\/\\\/bearnishfly.com\\\/\"},{\"@type\":\"ListItem\",\"position\":2,\"name\":\"Accueil\"}]},{\"@type\":\"WebSite\",\"@id\":\"http:\\\/\\\/bearnishfly.com\\\/#website\",\"url\":\"http:\\\/\\\/bearnishfly.com\\\/\",\"name\":\"Bearnishfly&#039;s Blog\",\"description\":\"La p\u00eache \u00e0 la mouche comme vous ne l&#039;avez jamais vue !\",\"potentialAction\":[{\"@type\":\"SearchAction\",\"target\":{\"@type\":\"EntryPoint\",\"urlTemplate\":\"http:\\\/\\\/bearnishfly.com\\\/?s={search_term_string}\"},\"query-input\":{\"@type\":\"PropertyValueSpecification\",\"valueRequired\":true,\"valueName\":\"search_term_string\"}}],\"inLanguage\":\"fr-FR\"}]}<\/script>\n<!-- \/ Yoast SEO plugin. -->","yoast_head_json":{"title":"Accueil | Bearnishfly&#039;s Blog","description":"Si vous aimez la peche \u00e0 la mouche ce blog vous est destin\u00e9. Nous partageons nos aventures halieutiques \u00e0 travers nos videos de peche. Jetez-y un coup d'\u0153il","robots":{"index":"index","follow":"follow","max-snippet":"max-snippet:-1","max-image-preview":"max-image-preview:large","max-video-preview":"max-video-preview:-1"},"canonical":"http:\/\/bearnishfly.com\/?page_id=5835","og_locale":"fr_FR","og_type":"article","og_title":"Accueil | Bearnishfly&#039;s Blog","og_description":"Si vous aimez la peche \u00e0 la mouche ce blog vous est destin\u00e9. Nous partageons nos aventures halieutiques \u00e0 travers nos videos de peche. Jetez-y un coup d'\u0153il","og_url":"http:\/\/bearnishfly.com\/?page_id=5835","og_site_name":"Bearnishfly&#039;s Blog","article_publisher":"https:\/\/www.facebook.com\/bearnishfly","article_modified_time":"2016-01-14T14:48:07+00:00","og_image":[{"width":512,"height":512,"url":"http:\/\/bearnishfly.com\/wp-content\/uploads\/2015\/11\/cropped-405469_225605460852744_179298862_n.jpg","type":"image\/jpeg"}],"schema":{"@context":"https:\/\/schema.org","@graph":[{"@type":["WebPage","CollectionPage"],"@id":"http:\/\/bearnishfly.com\/?page_id=5835","url":"http:\/\/bearnishfly.com\/?page_id=5835","name":"Accueil | Bearnishfly&#039;s Blog","isPartOf":{"@id":"http:\/\/bearnishfly.com\/#website"},"primaryImageOfPage":{"@id":"http:\/\/bearnishfly.com\/?page_id=5835#primaryimage"},"image":{"@id":"http:\/\/bearnishfly.com\/?page_id=5835#primaryimage"},"thumbnailUrl":"http:\/\/bearnishfly.com\/wp-content\/uploads\/2015\/11\/cropped-405469_225605460852744_179298862_n.jpg","datePublished":"2016-01-14T14:47:12+00:00","dateModified":"2016-01-14T14:48:07+00:00","description":"Si vous aimez la peche \u00e0 la mouche ce blog vous est destin\u00e9. Nous partageons nos aventures halieutiques \u00e0 travers nos videos de peche. Jetez-y un coup d'\u0153il","breadcrumb":{"@id":"http:\/\/bearnishfly.com\/?page_id=5835#breadcrumb"},"inLanguage":"fr-FR"},{"@type":"ImageObject","inLanguage":"fr-FR","@id":"http:\/\/bearnishfly.com\/?page_id=5835#primaryimage","url":"http:\/\/bearnishfly.com\/wp-content\/uploads\/2015\/11\/cropped-405469_225605460852744_179298862_n.jpg","contentUrl":"http:\/\/bearnishfly.com\/wp-content\/uploads\/2015\/11\/cropped-405469_225605460852744_179298862_n.jpg","width":512,"height":512,"caption":"bearnishfly"},{"@type":"BreadcrumbList","@id":"http:\/\/bearnishfly.com\/?page_id=5835#breadcrumb","itemListElement":[{"@type":"ListItem","position":1,"name":"Accueil","item":"http:\/\/bearnishfly.com\/"},{"@type":"ListItem","position":2,"name":"Accueil"}]},{"@type":"WebSite","@id":"http:\/\/bearnishfly.com\/#website","url":"http:\/\/bearnishfly.com\/","name":"Bearnishfly&#039;s Blog","description":"La p\u00eache \u00e0 la mouche comme vous ne l&#039;avez jamais vue !","potentialAction":[{"@type":"SearchAction","target":{"@type":"EntryPoint","urlTemplate":"http:\/\/bearnishfly.com\/?s={search_term_string}"},"query-input":{"@type":"PropertyValueSpecification","valueRequired":true,"valueName":"search_term_string"}}],"inLanguage":"fr-FR"}]}},"_links":{"self":[{"href":"http:\/\/bearnishfly.com\/index.php?rest_route=\/wp\/v2\/pages\/5835","targetHints":{"allow":["GET"]}}],"collection":[{"href":"http:\/\/bearnishfly.com\/index.php?rest_route=\/wp\/v2\/pages"}],"about":[{"href":"http:\/\/bearnishfly.com\/index.php?rest_route=\/wp\/v2\/types\/page"}],"author":[{"embeddable":true,"href":"http:\/\/bearnishfly.com\/index.php?rest_route=\/wp\/v2\/users\/2"}],"replies":[{"embeddable":true,"href":"http:\/\/bearnishfly.com\/index.php?rest_route=%2Fwp%2Fv2%2Fcomments&post=5835"}],"version-history":[{"count":0,"href":"http:\/\/bearnishfly.com\/index.php?rest_route=\/wp\/v2\/pages\/5835\/revisions"}],"wp:featuredmedia":[{"embeddable":true,"href":"http:\/\/bearnishfly.com\/index.php?rest_route=\/wp\/v2\/media\/5789"}],"wp:attachment":[{"href":"http:\/\/bearnishfly.com\/index.php?rest_route=%2Fwp%2Fv2%2Fmedia&parent=5835"}],"curies":[{"name":"wp","href":"https:\/\/api.w.org\/{rel}","templated":true}]}}